 = 4*j, 589 = 3*h - 4*j. What is the hundreds digit of h?
1
Suppose 2*t - 13 = 3*q, 4*q + 2*t = q - 29. Let s = q + 31. What is the tens digit of s - (-2 + 2)/(-4)?
2
Let t(v) = -11*v + 23. What is the tens digit of t(-9)?
2
Let l be (4/6)/(2/(-18)). Let s = l - -11. Suppose 1 - s = -j. What is the units digit of j?
4
Let b = -206 + 328. What is the hundreds digit of b?
1
Suppose -26*u = -25*u - 1406. What is the tens digit of u?
0
Let f = 10732 + -7502. What is the hundreds digit of f?
2
Suppose -16*p = -13*p - 30. Suppose 0*j - 640 = -p*j. What is the units digit of j?
4
Suppose 3*m = 4*m. Suppose m = 2*u - 13 - 13. What is the tens digit of u?
1
Let q(f) = 9*f - 6. Suppose 4*r + r = 40. Let h be q(r). Suppose 5*p - 7*p + h = 0. What is the tens digit of p?
3
Suppose -23*o - 1633 + 10005 = 0. What is the units digit of o?
4
Let f(h) = h**3 - 4*h**2 - 3*h - 4. Suppose 5*n - 4*n = -19. Let v = -13 - n. What is the tens digit of f(v)?
5
Suppose 2*v - 344 = 3*q, -q + 617 = 5*v - 260. What is the hundreds digit of v?
1
Suppose 6*g = -30 - 18. Let l(f) = -15*f + 3. What is the tens digit of l(g)?
2
Let b(y) = -399*y - 3. What is the units digit of b(-5)?
2
Let b = 2 - -6. Let w be 454/b + 6/24. Let l = w - 32. What is the units digit of l?
5
What is the thousands digit of (57 + -54)*(-3362)/(-6)?
1
What is the hundreds digit of (9 - 8) + -4 - 5*-65?
3
Let u = -18 - -12. Let l(q) = 2*q**2 + 8*q - 1. Let r be l(u). Suppose 0 = -2*f + 15 + r. What is the units digit of f?
9
Suppose 3*d = 6*f - 4*f - 400, -990 = -5*f + 5*d. Suppose f + 230 = 2*s. What is the hundreds digit of s?
2
Let x(p) = 3*p - 1. Let n(j) = -16*j + 4. Let k(r) = -2*n(r) - 11*x(r). Let w(c) = -2*c + 7. Let i(g) = -7*k(g) + 3*w(g). What is the units digit of i(8)?
8
Suppose 23 = -f + 474. What is the tens digit of f?
5
Suppose -2*k + 19 = -3*o, -2*o + 3*o - 34 = -3*k. Let q(g) = -g**2 + 18*g + 27. Let z(c) = c + 1. Let b(u) = q(u) - 6*z(u). What is the tens digit of b(k)?
3
Let h = 693 + -77. What is the units digit of h?
6
Let s(p) = -p**3 - 5*p**2 - p + 2. Let f be 104/(-8) - -3*1. Let j(b) = -b**3 - 11*b**2 - 9*b + 5. Let n be j(f). What is the units digit of s(n)?
7
Let x = -9337 + 14875. What is the hundreds digit of x?
5
Let f(d) = 2*d**3 - 12*d**2 - 5*d - 6. What is the tens digit of f(7)?
5
Suppose -6*p - 3028 + 640 = 0. What is the hundreds digit of (-6)/(-12) + p/(-4) + 2?
1
Suppose 0 = 5*i - 5*u - 335, -i - 67 = -2*i - 4*u. Let m = i + -25. What is the tens digit of m?
4
Let r(i) = i**2 + 11*i - 9. Let w be r(-11). Let g = 14 + w. Let x = g + 2. What is the units digit of x?
7
Let a(c) = c**2 + 3*c - 1. Let y be a(-4). Let t be (2 - 3)*(-8 + y). What is the units digit of 25 + (t - (-4 - -5))?
9
Suppose -3*h = 26 - 68. Let j = 22 + -18. Suppose -4*b - 16 = -2*z, 2*z = -z - j*b + h. What is the units digit of z?
6
Let v(p) = 5*p - 20. Let d be v(5). Suppose -d*z + 717 - 67 = 0. What is the tens digit of z?
3
Let l(c) = -c - 15. Let u be l(-13). What is the tens digit of 4/u - 75*-1?
7
Let p = -2041 + 2860. What is the hundreds digit of p?
8
Let t(j) be the first derivative of 4*j**2 + 31*j + 26. What is the tens digit of t(6)?
7
Suppose -3*y - 36 = 9*y. Let i(h) = -20*h + 2. Let f be i(-2). What is the tens digit of y/(-18) + 1841/f?
4
Let f = 240 - 78. What is the units digit of (1 - 10/6)/((-3)/f)?
6
Let v(s) = 3*s**2 - 4*s + 9. Suppose 0 = -5*z - 16 - 9. What is the hundreds digit of v(z)?
1
Let l(k) = 95*k + 6. Let i be l(-1). Let s = -71 - i. What is the tens digit of s?
1
Let r(p) be the second derivative of -p**4/12 - 4*p**3/3 - 11*p**2/2 + 2*p - 8. Let t(f) = -f**2 - 3*f - 1. Let x be t(-4). What is the units digit of r(x)?
4
Let r(x) = -x**2 + 1. Let d(b) = b**2 + 9*b - 15. Let z(c) = -d(c) - 2*r(c). What is the units digit of z(12)?
9
Let f = 6008 - 4080. What is the units digit of f?
8
Let b(v) = v**3 + 0*v**2 + 0*v + 3*v - 4*v**2 + 3 + 3*v**2. What is the tens digit of b(4)?
6
Suppose -2*d - 2 = -p, 2*d - 3*p + 8 = -2*d. What is the units digit of (d - 71)/(16 - 17)?
0
Let l(t) = 190*t - 59. What is the units digit of l(6)?
1
Let f(a) = -a**3 - a**2 + a + 3. Let i be f(0). Suppose -4*h + r - 19 = -h, -h = 3*r + i. Let s(k) = -k**3 - 4*k**2 + 9*k + 4. What is the units digit of s(h)?
2
Let y(u) = 187*u**3 - 5*u**2 + 11*u - 7. What is the units digit of y(2)?
1
Let z(g) = g + 3. Let h be z(0). Suppose 667 = 4*v + h*s, -4*v - s + 167 = -3*v. What is the units digit of v?
6
Let q be 25/(-10)*(-64)/10. Let x(r) = r**2 - 16*r. Let h be x(q). Suppose h = g - 19 + 1. What is the tens digit of g?
1
Let i = 841 + -491. What is the hundreds digit of i?
3
Let q be 522 - ((1 - -1) + -5). Suppose 5*t + q = 1350. What is the hundreds digit of t?
1
Let j = -14 + 48. Suppose 16 = -2*y + y - 5*a, -y = -5*a - j. Let l = y + 0. What is the units digit of l?
9
Let h be -3*(-12)/45*10. Suppose -h = -3*t + 4. Suppose -4*r - t = 0, 18 = -n + 3*r + 56. What is the tens digit of n?
3
Suppose s = -1 - 10. What is the hundreds digit of (3 - s)*6*12/9?
1
Suppose 0 = j - 35 - 62. Let b = 76 + j. What is the hundreds digit of b?
1
Let k = 5 + 13. Let o be 92/k + 3/(-27). Let s(t) = 12*t - 12. What is the tens digit of s(o)?
4
Let w(f) = -10*f**2 - 20*f - 5. Let j(u) = -2*u**2 - 4*u - 1. Let l(z) = -11*j(z) + 2*w(z). Let m = -118 - -114. What is the units digit of l(m)?
7
Let o = 15153 + -10594. What is the hundreds digit of o?
5
Let m be (-4575)/(-30)*16/(-5). Let u = -345 - m. What is the hundreds digit of u?
1
Let o = 1233 - 504. What is the hundreds digit of o?
7
Let r(z) = -z**3 + z - 1. Let l(g) = 3*g**3 + 10*g**2 + 12*g + 16. Let d(f) = -l(f) - 2*r(f). Let n = -21 + 12. What is the units digit of d(n)?
1
Let l be (-6)/2 - (-56 + 0). Let o be (l/6)/((-6)/(-36)). Let c = o + -12. What is the tens digit of c?
4
Let v be (-2)/(-17) - 700/(-119). Suppose -320 = 3*a - v*a + r, 5*a - 3*r - 536 = 0. What is the tens digit of a?
0
Let v(u) be the first derivative of u**4/4 + 5*u**3 + u**2/2 + 21*u + 1. What is the units digit of v(-15)?
6
Let w be (-2)/1 + 5 - 0. Let y = -11 + 18. Suppose y = w*a - 4*g, -16 = -5*a - 2*g + 13. What is the units digit of a?
5
Suppose m = -5*v - 100 + 721, m - 3*v - 629 = 0. Suppose m = 5*j - h + 10, -4*j + 5*h + 497 = 0. What is the tens digit of j?
2
Let f = -132 - -281. What is the hundreds digit of f?
1
Let f(v) be the second derivative of 3*v**4 - v**3/3 + v**2/2 + 16*v. What is the units digit of f(-1)?
9
What is the tens digit of ((-20)/8 + 2)*233*-50?
2
Let j = 12 + -7. Suppose f - v = -3*v - 1, -3*v + j = -5*f. What is the units digit of (2/f)/(14/(-49))?
7
Let y = -71 + 37. Let l be (2 - -58)*(-6)/(-5). Let r = l + y. What is the tens digit of r?
3
What is the tens digit of 3*20/(-15) - -250?
4
Suppose j + 15 = -4*a, -3*j - a + 30 = -4*a. Suppose 2*y - 11 = -d, 5*y - j*d + 0*d = -10. Suppose -y = w - 6. What is the units digit of w?
3
Let c(d) = d**3 + 20*d**2 + 46*d + 19. What is the units digit of c(-17)?
4
Let b(i) = -13*i**3 + i**2 + 3*i - 2. What is the hundreds digit of b(-3)?
3
Suppose -3*z + 26 = 2*d + 1, 3*z + 3*d - 27 = 0. Suppose -12*a = -z*a - 260. What is the tens digit of a?
5
Let a(y) = 2*y**2 + 2*y - y**3 - 2*y**2 + 4*y + 1 + 2*y**2. What is the units digit of a(-4)?
3
Let q = 76 + -45. Let h = 18 - 10. Let d = q + h. What is the tens digit of d?
3
Suppose -52*u + 6963 = -19*u. What is the hundreds digit of u?
2
Let m = 601 - 50. What is the units digit of m?
1
Let k(p) = -p**2 - 16*p + 3. Suppose -8*d = -7*d - 5. Suppose d*j + b = -69, 3*b - 46 + 6 = 4*j. What is the tens digit of k(j)?
4
Suppose 0*z + 192 = 3*z. Let y = -124 + z. Let k = -43 - y. What is the tens digit of k?
1
Suppose 3068 = 12*k - 1636. What is the hundreds digit of k?
3
Let b(g) = -2*g + 14. Let x be b(6). Suppose 10 = -0*v + x*v. Suppose -78 = v*y - 298. What is the tens digit of y?
4
Let o(h) = -h + 12. Let f be o(4). Suppose -6*n + f = -46. What is the units digit of n?
9
What is the hundreds digit of ((-1554)/(-15) - 3) + 6/15?
1
Suppose 14082 = 8*o - 6838. What is the units digit of o?
5
Let n(l) = -4*l + 14. Let u be (-4)/(-14) - (-329)/49. Let h be n(u). Let i(j) = -4*j - 6. What is the tens digit of i(h)?
5
Let x = -57 - -50. Let r = 15 + x. What is the u